 i is divided by h?
12
Let i = 1 - 0. Calculate the remainder when 52 - i*(-1 - 1) is divided by 14.
12
Let b(x) = 4 - 6 + 1 + 3*x. What is the remainder when b(3) is divided by 3?
2
Let a = -28 - -43. Let w(d) = d**2 - 3*d + 4. Suppose 0 = -4*r + 28 + 4. What is the remainder when w(r) is divided by a?
14
Let p(g) = 5*g**2 + 2*g - 7. What is the remainder when 118 is divided by p(-3)?
22
Suppose 0 = -5*j - d + 331, 3*j + 4*d - 65 = 137. Calculate the remainder when j is divided by 18.
12
Let u be 2/7 - (-352)/(-56). Let k = 15 + u. Calculate the remainder when 25 is divided by k.
7
Suppose -5*a = -3*b - 21, b - a + 2*a = 1. Calculate the remainder when 44 is divided by (-4 + b)*(-10)/4.
14
Calculate the remainder when 2/3 + (-160)/(-12) is divided by 7.
0
Let x(l) = l**2 - 4*l + 2. Let s = -5 + 8. Suppose v = s*v - 4. Calculate the remainder when x(4) is divided by v.
0
Suppose j = -4*z + 11 + 7, -2*j = z - 22. Suppose -5*w = -10, r - 2*w - j - 3 = 0. What is the remainder when 66 is divided by r?
15
Let j = -9 - -13. Suppose z - 72 = -5*s + 19, j*z + 14 = s. Let l = 4 - -48. Calculate the remainder when l is divided by s.
16
Suppose -5*k + 36 + 65 = -m, 5*k - 89 = 4*m. What is the remainder when 59 is divided by k?
17
Let g = 142 + -72. Suppose 5*x = y - 30, -2*x = 5*y - 215 - g. Calculate the remainder when y is divided by 19.
17
Let z = -88 - -111. Let b be 0*(-1)/(-2)*2. Suppose z = v - b*v. What is the remainder when v is divided by 12?
11
Suppose 3*b - 14 = -5*f + 139, -95 = -3*f - 5*b. What is the remainder when 59 is divided by f?
29
Suppose a = 4*a + 9. Let b be (2/4 - 0)*-244. What is the remainder when (-2)/3 + b/a is divided by 14?
12
Suppose -12 = -r + 16. Calculate the remainder when 222 is divided by r.
26
Suppose -55 + 11 = -4*j. Calculate the remainder when j is divided by 4.
3
Suppose -4*b + 0*b = -20. Let m = -8 + b. Calculate the remainder when 11*(2 + m)*-2 is divided by 8.
6
Let w = -224 - -347. Calculate the remainder when w is divided by 31.
30
Let c = -2 + 5. Suppose -14 = -c*a - b + 46, -3*b - 9 = 0. Calculate the remainder when (122/8)/(2/8) is divided by a.
19
What is the remainder when 21 is divided by (-1*(-3)/(-3))/(5/(-55))?
10
Calculate the remainder when 15*2/(24/52) is divided by 22.
21
Let b = 62 - 25. What is the remainder when 219 is divided by b?
34
Suppose 6 = x - 0*x. Let o be (-19)/((-3 + x)/(-3)). Let w = o + 17. Calculate the remainder when w is divided by 13.
10
Let f = -25 + 38. What is the remainder when 62 is divided by f?
10
Let k = -2 + 7. Suppose -2*z = -6, -g = 5*z - 0*z - 52. Suppose -k*n - 2*s + g = 0, 2*n - 4*s - 1 - 9 = 0. Calculate the remainder when 20 is divided by n.
6
Suppose -136 - 86 = -2*d. Calculate the remainder when d is divided by 38.
35
Calculate the remainder when 15 is divided by (-7)/((0 - -5)/(-5)).
1
Let m(o) be the third derivative of -o**5/60 - o**4/4 - o**3/2 - 7*o**2. Calculate the remainder when 13 is divided by m(-4).
3
Let r = -3 + 31. Suppose 13 = 3*n + 1. Suppose -2*d + r = 2*t - 12, -4*d - 40 = -n*t. What is the remainder when 29 is divided by t?
14
Suppose 2*x + 0 = r - 9, 0 = -4*x. Suppose b - r = 9. Calculate the remainder when b is divided by (-4 + 1)*(-80)/24.
8
Let h = -6 - -28. Calculate the remainder when 86 is divided by h.
20
Suppose 4*l = 5 - 269. Let t = -39 - l. What is the remainder when t is divided by 15?
12
Suppose 156 - 52 = -4*a. Let l = -17 - a. Calculate the remainder when 16 is divided by l.
7
Let b(v) = 19*v**2 - v - 2. What is the remainder when b(-2) is divided by 11?
10
Let a(l) = -l**3 + 8*l**2 - 5*l - 4. Suppose -35 = -5*u - 0. What is the remainder when 18 is divided by a(u)?
8
Suppose 5*b - 2*b = 84. Calculate the remainder when 82 is divided by b.
26
Let i = 6 - 3. What is the remainder when 41 is divided by (i/(-2))/(1/(-14))?
20
Let n(d) = 27*d**2 - 2*d + 1. What is the remainder when 75 is divided by n(1)?
23
What is the remainder when 3/(1 + 102/(-111)) is divided by 14?
9
Suppose 0 = 8*w - 305 - 87. What is the remainder when w is divided by 26?
23
Let s = 10 + -6. Suppose -11*u + 44 = 4*i - 15*u, -3*u - 55 = -5*i. What is the remainder when i is divided by s?
3
Let j = -35 + 134. What is the remainder when j is divided by 25?
24
Let b = 13 - 10. Suppose -b*m = -m - 72. Let u = 22 - 9. Calculate the remainder when m is divided by u.
10
Suppose -5*d + 19 = -1. Suppose 0*t = -a - 5*t + d, -5*t + 1 = 4*a. What is the remainder when (a/(-3))/(3/279) is divided by 16?
15
Let g = 49 + -27. Let c = -13 + 21. Calculate the remainder when g is divided by c.
6
Let t(d) = -1 - 6*d + 0 + 3*d - 1. What is the remainder when 41 is divided by t(-8)?
19
Let y = 8 + -4. Calculate the remainder when y is divided by 2.
0
Let v = 0 - -2. Let t be (-3)/v + (-366)/(-4). Suppose -x + t = 4*x. Calculate the remainder when 35 is divided by x.
17
Let y be (6 - 3 - 8)/(-1). Suppose -3 = y*o - 13. Suppose 5*c - 5 = 10. What is the remainder when c is divided by o?
1
Let k(v) = 29*v - 1. Calculate the remainder when k(2) is divided by 15.
12
Suppose 4*m + k = 176, -2*k + 123 = 3*m + k. What is the remainder when m is divided by 16?
13
Calculate the remainder when -16*(-1)/(0/4 + 1) is divided by 9.
7
Suppose -4*s + 15 = 3. Suppose 0*f - 48 = -s*f. What is the remainder when 47 is divided by f?
15
Let v = 8 + 2. What is the remainder when 13 is divided by -3*(1 + v/(-3))?
6
Let l(x) = -3*x - 7. What is the remainder when l(-4) is divided by 1?
0
Let u be -2 + (-1)/(3/(-21)). Suppose u*w - 172 = 103. Calculate the remainder when w is divided by 28.
27
Let s(y) = y**2 - 11*y + 14. Let b(q) = -2*q**3 - q**2 + q + 1. Suppose r - 4*j = -4*r - 14, 0 = 4*j - 4. Calculate the remainder when b(r) is divided by s(10).
3
Let q be ((-1 - 1) + 6)*4. What is the remainder when 17 is divided by q/4 - 3/(-3)?
2
Let o(a) = 3*a**3 + a**2 - a. Let n be o(-2). Let g = 27 + n. Calculate the remainder when 17 is divided by g.
8
Suppose 16 + 8 = -4*x. Let r(w) = -w**2 - 6*w + 3. Calculate the remainder when 5 is divided by r(x).
2
Let j be 2*((-5)/(-2) - 2). Let k = j - -4. Suppose t - 31 = -2*h - 5, -47 = -k*h + 2*t. Calculate the remainder when h is divided by 6.
5
Let g = -14 - -26. Let s(w) = -w**3 + 3*w**2 + 5*w - 1. Let z be s(4). Suppose 4*b = z*b + 22. What is the remainder when b is divided by g?
10
Suppose -31 = -3*z + 11. Let t = 22 - 112. Let c = -50 - t. Calculate the remainder when c is divided by z.
12
Suppose 5*v - 4*g = -102, 0 = -2*v - 5*g - 12 - 9. Calculate the remainder when 18 is divided by (v/6)/(3/(-5)).
3
Let i = -15 + 28. Let d(y) = -4 - i + 5 - 2*y. What is the remainder when 15 is divided by d(-10)?
7
Suppose 2*q + q - 39 = -3*m, 2*m = -4*q + 18. Calculate the remainder when m is divided by 7.
3
Suppose -2*h = 2*h - 20. Suppose 4*v = -0*v - 12, 2*v = 5*i - 41. Calculate the remainder when i is divided by h.
2
Suppose -3*s = -2 - 19. Suppose -4*v = 1 + s. Calculate the remainder when -10*5/(25/v) is divided by 3.
1
Let p(u) be the third derivative of u**6/120 - u**5/12 + u**4/12 - u**3/3 - 3*u**2. Calculate the remainder when 12 is divided by p(5).
4
Let l = -8 + 13. Calculate the remainder when 19 is divided by l.
4
Suppose 3*x + 9 = 6*x. Calculate the remainder when 11 is divided by x.
2
Let p(w) = 11*w**3 - 4*w**2 - 1. Let a(m) = 11*m**3 - 3*m**2 - 1. Let t(j) = -5*a(j) + 4*p(j). Calculate the remainder when 31 is divided by t(-1).
9
Suppose -2*k = -0*k - 32. What is the remainder when (20/6)/(6/54) is divided by k?
14
Let j(r) = 32*r**2 + 1. Let k be j(1). Suppose -4*d + d + k = 0. What is the remainder when 30 is divided by d?
8
Let u = -3 + 34. Calculate the remainder when u is divided by 17.
14
Suppose -7*g + 2*g = 0. Suppose g = 2*o - 4*r - 4, -1 + 11 = 2*o - 2*r. Let i = 11 - 8. What is the remainder when o is divided by i?
2
Suppose -5*n = -5*h + 25, 5*n = h - 9 - 0. Suppose -3 = -h*f + 5. What is the remainder when (0 - 0) + (-4)/(-1) is divided by f?
0
Suppose -52 = -q - 16. What is the remainder when q is divided by 10?
6
Suppose 2*q - q - 27 = 0. Let m = -29 + 43. Calculate the remainder when q is divided by m.
13
What is the remainder when -1 + 1*(93 + 2) is divided by 32?
30
Suppose 5*j + 40 = -5. Let c(w) = w + 7. Let b be c(j).